*j = 5*o + 7 + 3, -j = 5*o + 35. Let m be -2 + (-2 - -8)/o*4. Determine b(m).
-2
Let l be 2/(-6) - (-50)/15. Let q(n) = -2*n**2 + 4302 + 3891 + n**3 - 3*n - 8195. Determine q(l).
-2
Let f(n) = -1 + 7*n**3 + 2*n**3 - 6980*n**2 + 6978*n**2 - 2*n. Calculate f(-1).
-10
Let j be (-29)/(-9) + 24/(-108). Let w(p) = 11*p**2 + 10*p - 30*p + 30*p - j*p**2 + 6 - p**3. What is w(9)?
15
Let u(y) = -y**2 - y - 4. Let q(i) = i**2 - i + 9. Let l(n) = q(n) + 3*u(n). Let c(b) = -b**3 - 4*b**2 + 2*b + 5. Let v be c(-4). What is l(v)?
-9
Suppose -952 = -93*w + 95 - 117. Let i(y) = -y**3 + 10*y**2 + 1. What is i(w)?
1
Let w(p) = 2*p**2 - 63*p + 25. Let t(f) = 4*f**2 - 113*f + 49. Let u(c) = 6*t(c) - 11*w(c). Calculate u(-6).
1
Let h(m) = 4*m - 84. Suppose -2*w + 94 + 89 = 141. Give h(w).
0
Let m(w) = -2*w**3 + w**2. Let c(q) = -12*q**2 - 6*q - 3. Let k(t) = c(t) + m(t). Give k(-4).
-27
Let a be 10*((-12)/(-15))/2. Let g(u) = -1 - 2*u**2 - 4*u - 2 - 3*u**3 + a*u**3. Suppose -2 = 4*y + b, -4749*b - 22 = 5*y - 4751*b. Calculate g(y).
-11
Let s = 174 - 171. Let r(k) = 5*k**2 + 4*k**2 + k**s - k**2 + 6*k. Calculate r(-7).
7
Let b = 10304 + -10269. Let y(a) = a**3 - 35*a**2 + a - 34. What is y(b)?
1
Let u(d) = d**2 - 11*d - 14. Let p(q) = -q + 3. Let v be p(-1). Suppose -3*h - s + 42 = -v*s, 2*h + 4*s = 16. Give u(h).
-2
Let u(h) = -12*h**2 - 6*h + 5. Let g(k) = 6*k**2 + 329*k - 53. Let m be g(-55). Give u(m).
-55
Let c = -459 + 461. Let m(n) = -2*n**c + n**2 + 3*n + 3*n - 6*n - 6*n. What is m(-5)?
5
Let o(c) = -c**2 + c - 5. Let w(t) = 2*t**2 - t + 4. Let l(i) = 5*o(i) + 6*w(i). Let f be -6 + ((189/(-35))/(-3) - 2)*(-40 - -15). Calculate l(f).
7
Let k be -2 + 16/6*3. Suppose -k = 2*q - 0. Let r(a) be the second derivative of a**4/12 + a**3/3 + 2*a**2 + 490*a + 1. Determine r(q).
7
Let u(d) = -32*d - 14. Let k be u(0). Let z be (-2)/(-2)*(-3 - -3). Let f be (k/(-21))/(z - 1/(-6)). Let h(t) = t**3 - 3*t**2 - 4*t - 1. Determine h(f).
-1
Let j(g) = -9*g. Let p be ((-15)/9)/(1/(-27)). Let m = p + -30. Let z be ((-1)/3)/(40/m - 3). Determine j(z).
-9
Let v(t) = 289 - 135 - 138 + 16*t. Let r(m) = 2*m + 2. Let z(y) = 14*r(y) - 2*v(y). Calculate z(-4).
12
Let t(c) be the second derivative of 7*c**3/2 + 31*c**2 - 181*c. Let s(j) = 8*j + 21. Let z(u) = 8*s(u) - 3*t(u). Give z(13).
-5
Let v = -6 + 10. Let b(h) = 3*h + 16. Let f(w) = -10*w - 50. Let k = 80 - 75. Let y(n) = k*f(n) + 16*b(n). Determine y(v).
-2
Let b(o) = 67*o + 138. Let d(i) = 29*i + 68. Let a(f) = 3*b(f) - 7*d(f). Give a(-32).
2
Let h(j) = j - 5. Let m be h(5). Suppose -8*g - 22 + 230 = m. Let y(s) = -8*s**2 - 17*s**2 - 1 + g*s**2 + 6*s. Determine y(-3).
-10
Let t = -7 + 8. Let y(x) be the first derivative of -27*x**2/2 + x - 78. Let a(k) = 26*k - 1. Let f(h) = -4*a(h) - 3*y(h). What is f(t)?
-22
Let w = 201 + -197. Let n(o) = -6*o - 5 - 5 + 5 + 1. Determine n(w).
-28
Let j(o) = 13 + 11*o - 70 - 31*o + 11*o + 12*o. Calculate j(18).
-3
Let q(m) = -m**2 - 24*m + 75. Suppose -3*k - 89 = -146*o + 144*o, 143 = -5*k + 2*o. Give q(k).
-6
Let j(q) = q**3 + 2*q - 25. Suppose -3*f + 5*f - z - 6 = 0, 0 = 4*f - 5*z - 30. Determine j(f).
-25
Let q(y) be the third derivative of y**4/24 + 3*y**3/2 - 2*y**2. Let p = 36563 + -36568. Calculate q(p).
4
Let d(v) = 53*v - 736. Let f(o) = -18*o + 248. Let j(c) = 6*d(c) + 17*f(c). Calculate j(17).
4
Let v(b) be the third derivative of -b**6/120 + b**5/15 + b**4/12 - b**3/3 - b**2. Let y(r) = 3*r**2 - 17*r - 44. Let l be y(-2). What is v(l)?
10
Let w(t) = 4 + 38 - 6*t**2 - 2*t**2 - 10 + 174*t + 18. Give w(22).
6
Suppose 8*q - 285 - 345 = -13*q. Let z(i) be the first derivative of q + 1/2*i**2 - 10*i. Determine z(0).
-10
Let k(v) be the second derivative of 13*v**3/6 + 689*v**2/2 + 3547*v. Calculate k(-53).
0
Let f(k) be the third derivative of -k**5/15 + k**4/12 + k**3/2 - 69*k**2 + 2. What is f(-3)?
-39
Let g(a) be the third derivative of 0 + 0*a + 4/3*a**3 + 1/24*a**4 + 15*a**2. Let w be g(-11). Let f(v) = v**2 + 2*v + 3. Calculate f(w).
6
Let o(c) = -93*c. Suppose 0 = 47*q - 123*q + 12 + 64. What is o(q)?
-93
Let x(k) be the second derivative of -k**5/20 - k**4/4 + 2*k**3/3 - 3*k**2/2 + k - 1132. Calculate x(0).
-3
Let k(x) = -2*x**3 - 11*x**2 + 62*x - 13. Let u be k(-9). Let h(w) be the first derivative of -w**2 + w + 1. Calculate h(u).
9
Let l(m) = 5*m**2 + 5*m + 5. Let r(f) = 26*f**2 + 29*f + 24. Let v(s) = 16*l(s) - 3*r(s). What is v(7)?
57
Suppose -31 = -3*z - 4*m - 2, -4*z + 7 = -m. Let p(h) = 1 + 12*h**3 - 4*h - 4*h**z + 2*h. What is p(1)?
7
Suppose 2 = 37*s + 520. Let k(p) = -p**2 - 16*p + 23. Give k(s).
51
Suppose -5*i + 3*i = 0. Let v(b) be the third derivative of 0*b**4 + 0*b - 6*b**2 + 0 + b**3 + 1/60*b**5. Calculate v(i).
6
Suppose 0 = -5*q, 5*n - 2*q + 12 - 37 = 0. Suppose -n*c = -10 - 0, c - 11 = l. Let j(k) = -k**2 - 8*k + 2. Determine j(l).
-7
Let b be (-8)/10*(-5)/2. Suppose 2 = -4*y - b*a, 3*a = 4*y + 7 - 30. Let c(d) = 3*d + 3*d**2 + 0*d - d. Determine c(y).
16
Let m(u) = u + 21. Let q(h) = 67*h + 6. Let a be q(1). Suppose -a = 8*j - 1. What is m(j)?
12
Let k(d) = 5*d + 63. Let z be k(-12). Let h be 4 - (z + -4 + 3). Let n(w) = w**2 - 3 + 10*w - 1 - 5 + h. What is n(-10)?
-7
Let q be (-5 - -240) + 5 + -2. Let j(a) = q*a - 4 - 1 - 239*a. Suppose -5*f = -3*f. Determine j(f).
-5
Let a(k) = -k**2 - 3*k - 5. Suppose -21*d + 26*d - 23 = -4*t, 2*t = 3*d - 27. Calculate a(d).
-75
Suppose 3*q + 2*l = 8*q + 5, 0 = 3*l. Let z(y) = -8*y**2 - 1 + 0*y**2 + 0 - 1 + 3. Calculate z(q).
-7
Suppose 5*h = 8*h - 5*t - 51, -2*h = t - 47. Let o(l) be the second derivative of 1/2*l**2 + 0 + h*l + 4/3*l**3. Determine o(1).
9
Let a(l) = -13*l**2 + 14*l + 19*l + 9*l + 10 - 26*l. Let m(s) = 11*s**2 - 15*s - 10. Let c(j) = 6*a(j) + 7*m(j). Determine c(-7).
4
Let u(y) = y - 19. Let q(w) = 5*w - 76. Let k(v) = 2*q(v) - 9*u(v). Let f be k(-10). Let n(c) = -15*c + 11*c + f*c. What is n(-1)?
-5
Suppose 0 = 11*n - 7 - 4. Let u(l) = -2 + 22*l + 7*l - 14*l. Let j(t) = -330*t + 45. Let x(g) = 2*j(g) + 45*u(g). Determine x(n).
15
Let z(u) be the first derivative of u**4/4 + u**3/3 - 27*u**2/2 - 31*u + 8505. Give z(-5).
4
Let i(v) = -8*v**2 + 5*v + 2 - 6*v + 0. Let z = 23796 + -23795. What is i(z)?
-7
Let k = 56 + -54. Let q(v) = -17 + 202*v + 11*v**2 + v**3 + 0*v**k - 216*v. What is q(-12)?
7
Let o(f) = 3075*f**3 + 0 - 3076*f**3 + 2*f + 5*f**2 - 5. Let x = 4 + -2. Let h = 7 - x. Calculate o(h).
5
Let c(m) be the third derivative of 3*m**5/20 - m**4/12 + m**3/2 + 28*m**2 + 1. Let w be (-2)/(-6) + (-2 - (-77)/21). What is c(w)?
35
Let h(d) = -2*d + 7382 + d**2 + 7335 + 21*d - 14758. What is h(-16)?
-89
Let k be 3 + (0 - 5) - (-10 - (-12)/3). Let i(f) = f**3 - 2*f**2 + f - 3. What is i(k)?
33
Let c(x) = 37 + 58 + 67 - 2*x**2 - 14*x - 167. What is c(-6)?
7
Let g(n) be the first derivative of n**3/3 - 3*n**2 + 9*n - 11. Let p be 6*(-18)/12*4/(-6). Suppose p*m + 18 = 9*m. Calculate g(m).
9
Let u(x) be the third derivative of 27*x**6/40 - x**5/60 + x**4/12 - x**3/6 + 619*x**2. What is u(1)?
81
Let v = 241 - 213. Let i(f) = 2 + v*f + 34*f + 0 - 74*f. Determine i(1).
-10
Let c(m) = -m**2 + 6*m + 3. Let b be 43 - 1*(1 + 3). Suppose -4*y - 5*k = -b, k - 7 = -y + 2. Determine c(y).
3
Let o = 60 + -64. Let q(j) = 5*j + 12*j - 4*j + j + 3 + 3*j**2. Calculate q(o).
-5
Let y = 8934 + -8930. Let t(w) be the second derivative of -w**2 + 0 - 1/20*w**5 + 3*w - 1/6*w**y - 1/3*w**3. What is t(-2)?
2
Let h = -154 - -159. Suppose h*b + 48 = -b. Let u(m) = -m**2 - 9*m - 7. Determine u(b).
1
Let f(y) = 3*y - 1 + 0*y + 3*y**2 + y**3 - 4*y**2. Let c(w) be the second derivative of -w**3/6 - 3*w**2/2 + w - 43. Let h be c(-5). Give f(h).
9
Let b = 206 + -192. Suppose 31*k = 169 - b. Let g(q) = -q**3 + 4*q**2 + 3*q - 6. What is g(k)?
-16
Let s(d) = 2*d + 37. Let y = -306 + 291. Give s(y).
7
Let v(g) = -2*g**2 - 36*g - 28. Let r be ((-48)/(-32) - 1)*(-35 - -1). Give v(r).
6
Let m(r) = -34*r**3 + 24*r**2 + 35*r + 54. Let q(w) = -15*w**3 + 12*w**2 + 17*w + 25. Let c(u) = 4*m(u) - 9*q(u). Give c(-11).
13
Suppose 0*w = 4*w - 36. Let i(r) = -134*r + 299*r + 14 - 166*r. Determine i(w).
5
Suppose -4*p = 2*s - 4*s + 26, 4*p + 14 = -2*s. Let h(u) = u**2 - 3*u. Let y be h(s). Let f(c) = c**3 + 0*c - 2737 + 0*c + 1339 + 1409. What is f(y)?
11